posite number?
False
Suppose 4*c - 297 - 555 = -4*w, c - 5*w = 213. Is c a prime number?
False
Let y(z) = -z + 73. Let a be y(0). Is (-3)/(-1) - -2*a a prime number?
True
Suppose -3*y + 2*y + 978 = f, -25 = 5*y. Is f composite?
False
Suppose 0 = -3*w - 4*j - 10 - 21, 5*w + 46 = -j. Let g be (w/(-6) - 1)*0. Suppose g = 4*a - 2*u - 44, a - 3 = -2*u + 3. Is a prime?
False
Let d = -21 + 43. Let s be (-4)/d - (-46)/11. Suppose 2*x = -s*m + 66, 3*m - 72 = 4*x - x. Is m a prime number?
True
Suppose -q = -3*y + 6*y + 33, 169 = -3*q + 5*y. Let h = 74 + 33. Let t = q + h. Is t a prime number?
True
Suppose -5*x = 5*n - 990, 2*x - 268 = 5*n + 163. Is x a composite number?
True
Is 3/(-1) + 5/(20/2536) composite?
False
Is ((-13)/2)/(33/(-14718)) prime?
False
Let n(f) = f**3 + f**2 - 2*f + 3. Let p be n(-4). Is p*(0/(-1) + -1) composite?
False
Let t be (3 - (1 - 48))*7. Suppose -t = -3*r + 247. Is r prime?
True
Suppose -2*v = -16 + 52. Let n = 8 + v. Let r = n + 17. Is r a composite number?
False
Let k be (4 - 730/8)*-4. Let m = k - -760. Is m composite?
False
Suppose 3*c - a - 135 = 0, 2*a + 44 + 46 = 2*c. Suppose -5*j = -0*j + 5*z - c, 3 = -3*j + 3*z. Is j a composite number?
True
Let p = 1513 + -842. Is p a composite number?
True
Let m(l) = 9*l + 1. Let n be m(6). Suppose 2*y - n = y. Is y composite?
True
Let q(g) = 2*g**2 - 3*g - 1. Let l(j) = -j + 9. Let a be l(6). Suppose 2*w - 9 = a. Is q(w) composite?
False
Let m = 2 - 0. Suppose n - y - 132 = -m*n, -4*n + 189 = 3*y. Let x = 6 + n. Is x composite?
True
Suppose 5*x - 123 = 3*x - o, 2*o = 4*x - 250. Let v = 163 - x. Let y = -66 + v. Is y a composite number?
True
Suppose -5*y + 3*l = -8, -3*l + 2 = -4*y + 9. Let o be 469 - (3/y - 1). Suppose -z + j = -108, -3*z - z + o = 3*j. Is z a composite number?
False
Is (-11)/(22/4) - (-3201 - 0) a prime number?
False
Suppose -3*c + 1107 = 4*w, 5*w - 1375 = -0*w + 5*c. Suppose w + 57 = 3*b. Is b prime?
False
Suppose -3*d + 4*w + 364 = -w, 4*d - w - 457 = 0. Suppose 2*s - 570 + d = -5*i, 5*s + 485 = 5*i. Is i composite?
True
Let x(g) be the first derivative of -g**4/4 - 2*g**3/3 + 2*g**2 + 5*g + 2. Is x(-4) composite?
True
Let x(f) be the second derivative of -19*f**5/60 - f**4/24 + f**3/3 - 2*f. Let o(p) be the second derivative of x(p). Is o(-1) a prime number?
True
Let g(v) = 5*v**3 - 11*v**2 - v - 7. Let l(h) = 11*h**3 - 23*h**2 - h - 15. Let m(f) = 9*g(f) - 4*l(f). Is m(8) a composite number?
True
Suppose a = -4*a + 30. Let f be 6/4*(-32)/a. Is (-2)/f + (-87)/(-4) a prime number?
False
Let j = -155 - -240. Is j a composite number?
True
Let q(u) = -29 + 4*u - 4*u - 3*u + 25 + 2*u**2. Suppose -2*p + 3*h - 2*h = 14, 2*p + 16 = 2*h. Is q(p) a composite number?
True
Let h = -7 + -28. Let r be (-535)/h - 2/7. Suppose r + 133 = 4*v. Is v a composite number?
False
Suppose -7*q + 8*q = 6. Is q a composite number?
True
Is 1 + 6/(-2) - (-78 - 3) a prime number?
True
Let b(a) be the second derivative of 11*a**4/12 + a**3/6 + 2*a**2 - 5*a. Is b(-5) a prime number?
False
Let q(s) = s + 115. Is q(0) composite?
True
Let k(s) = s**3 - 21*s**2 + 26*s - 17. Is k(21) a composite number?
True
Suppose 3*h = 10*h - 1127. Is h composite?
True
Let f(j) = -2*j + j**2 - 4*j + 0*j - 3. Suppose 2*h - i = -2*i + 11, -5*i + 15 = 5*h. Is f(h) a prime number?
True
Let h(n) = 15*n**2 - 2*n + 1. Suppose 0 = -4*r + 11 + 5. Is h(r) composite?
False
Let a be (-12)/(-10)*(-10)/3. Is 14/a*(-2 + -8) composite?
True
Let s = 153 + -35. Is s a prime number?
False
Let p(i) = -4*i**3 - 5*i**2 - 5*i - 1. Is p(-6) a prime number?
False
Let g = -15 + 81. Suppose s - 61 = g. Is s a composite number?
False
Let f = 3 + -2. Let q be -1 - 0 - (-90)/f. Suppose n + 1 = 0, -2*t + 2*n + q - 9 = 0. Is t a prime number?
False
Is 1290/8 - (-1)/(-4) composite?
True
Let t = -156 - -665. Is t a prime number?
True
Let m(g) = g + 9. Let y be m(-9). Suppose 5*f + 0*b - 2*b - 163 = y, -2*b - 130 = -4*f. Is -2 - f/6*-10 prime?
True
Is 4/(3 - 15)*-57 a composite number?
False
Suppose -4 + 5 = -t, 0 = 3*q - 3*t - 6120. Is q prime?
True
Suppose -3*k = -2*i + 176, -3*i + 2*k = -2*i - 89. Is i composite?
True
Let f = -561 - -829. Suppose 5*v - f = 687. Is v prime?
True
Let r(w) = -7*w**3 - 1. Let a be r(-1). Suppose c - a*c = 0. Suppose -3*h = 3*o + 13 - 112, 4*o - 4*h - 164 = c. Is o a prime number?
True
Let d = 25 + 0. Suppose 0 = y - 3*l - 16, -2*y - 9 = -2*l - 21. Suppose 2*b + 10 + y = g, 0 = 5*b - d. Is g prime?
False
Suppose 2*m = 5 + 3. Suppose -2*x + 5*s + 2 = 8, 2*s + m = 4*x. Is x prime?
True
Suppose -b - 64 = -4*l + b, 2*l - 24 = -3*b. Suppose v + l = 4*v. Is v/(40/66)*4 prime?
False
Let w(x) = 3*x. Let m(r) = -r**2 + 7*r - 2. Let o be m(6). Let g be w(o). Let h = g + 11. Is h composite?
False
Suppose w + 5*i = 6*w - 1505, 3*w - 933 = -3*i. Suppose 3*j = 21 + w. Is j a prime number?
True
Suppose 0 = 5*g - 358 - 522. Suppose m - 4*m + 247 = y, 2*m - 5*y = g. Is m a composite number?
False
Let q(i) = 21*i**2 - 14*i + 15. Is q(11) a composite number?
True
Suppose 3*s + 957 = 3*w + s, 319 = w - 2*s. Is w a composite number?
True
Let r(t) be the third derivative of t**5/60 - t**4/6 + 2*t**3 - t**2. Is r(-11) prime?
False
Let v = 7 + -5. Let w(p) = 4*p + 52. Let i be w(-13). Suppose i = -m + v*m - 87. Is m a composite number?
True
Is 2*(-524)/24*-9 prime?
False
Suppose -10619 = -7*u - 0*u. Is u composite?
True
Suppose -2*v + 43 + 166 = 3*u, -u = 4*v - 393. Is v composite?
False
Let f = -80 - -291. Is f composite?
False
Is (-6445)/(-7) + 36/126 a composite number?
True
Let c be 5 - 1 - (-1 + 5). Suppose c = 5*d, 2*j - 633 = -j + 3*d. Is j prime?
True
Suppose 0 = -5*s + 15, -b - 3*s = b - 181. Is b a prime number?
False
Let y(w) = -w**3 + 6*w**2 + 3*w + 4. Is y(6) a composite number?
True
Suppose 3*l = -2*l + 10. Let j(z) = -z + 2. Let u be j(l). Let m = u - -7. Is m composite?
False
Let n(l) = 66*l**2 + 4*l + 17. Is n(-6) a composite number?
True
Let a(z) = 75*z + 16. Is a(6) composite?
True
Suppose -3*u - u + 11678 = 3*f, u + 2*f - 2917 = 0. Is u a composite number?
True
Let r(n) = n**3 + 9*n**2 + 7*n - 2. Let y be r(-8). Suppose 5*o - 29 = y. Suppose 2*c - o*c - 5*u = -180, -c + 4*u = -31. Is c a prime number?
False
Suppose -6952 = -5*q - 332. Suppose -v = 2*o - 537 + 6, 5*o = v + q. Is o prime?
False
Let r be (0 - (-1)/2)*4. Suppose r*d = -d + 771. Is d a composite number?
False
Suppose 838 = 5*x - 157. Is x a composite number?
False
Let j(b) = 3*b + 11. Is j(8) composite?
True
Let w(f) = f**2 - 3*f - 10. Let p(t) = t**2 - 2*t - 5. Let d(h) = 5*p(h) - 3*w(h). Is d(-6) prime?
True
Suppose s + 8*s = 2286. Is s a composite number?
True
Suppose 2*k + 11 = k. Is ((-56)/(-8))/((-1)/k) a prime number?
False
Suppose -35 = -5*q + 70. Suppose -i - k + q = k, -5*i + 72 = -k. Is i a prime number?
False
Suppose 3*j = 3321 + 5010. Is j a composite number?
False
Suppose v + 4*v - 340 = 0. Let c = -47 + v. Is c prime?
False
Let y(c) be the first derivative of -2*c**2 - 7*c + 1. Is y(-11) a prime number?
True
Let d be 5 + 2/2 + -1. Suppose -h + 1 + d = -2*w, -3*h - 4*w + 8 = 0. Suppose h*r + 9 = 69. Is r a composite number?
True
Let w = 4055 + -6225. Is (-2)/5 - w/50 a composite number?
False
Suppose 5*k + 25 = 0, -4*n + 2*k = -k - 4051. Is n a prime number?
True
Let c = 304 - 185. Is c a prime number?
False
Let m(d) be the first derivative of 2/3*d**3 + 3/2*d**2 - 2 - 2*d. Is m(-3) composite?
False
Let u(w) = 5*w - 9. Let x(d) = 2*d**3 - d**2 - 1. Let n be x(2). Is u(n) a prime number?
False
Suppose 0 = z, 0 = f - 0*f - 3*z - 95. Let x(p) = -p - 1. Let h be x(-4). Suppose -8*k + f = -h*k. Is k a composite number?
False
Let h(p) = 24*p**2 - 5*p - 5. Is h(-6) prime?
False
Let f(s) = 91*s + 26. Let c be 7 + -2*2 + 2. Let x(j) = 18*j + 5. Let u(p) = c*f(p) - 26*x(p). Is u(-5) a composite number?
True
Suppose -2*o = 3*d - 3, -2*d - 1 = -4*o - 3. Is (-4)/((-8)/402) + o prime?
False
Suppose -3*j + 2*p = -5*j - 6, 0 = -4*j + 5*p + 33. Suppose j*n + 0*n = 422. Is n a composite number?
False
Let w = -46 - -113. Is w a prime number?
True
Let l be ((-6)/4)/((-3)/10). Suppose 2*a + 2*j = 25 + 25, -3*a + l*j = -51. Is a composite?
True
Suppose 0 = -0*z - 2*z + 8. Suppose -z*n + 6*n - 4 = 0. Suppose -267 = -h - n*h. Is h a composite number?
False
Sup